37. What is q(42)?
23
Let g(u) = 6*u**3 + 294*u**2 - 153*u - 7493. Give g(-49).
4
Let q(c) = -1592*c - 49362. Give q(-31).
-10
Let j(m) = 542*m - 51041. What is j(92)?
-1177
Let r(b) = 3*b**2 - 2567*b + 10226. Give r(4).
6
Let m(c) = 101518*c - 203254. Determine m(2).
-218
Let x(u) = -18*u**2 - 1104*u - 9191. Determine x(-10).
49
Let r(s) = -4954*s - 79259. Determine r(-16).
5
Let u(f) = -f**3 - 81*f**2 - 896*f - 852. Determine u(-68).
-36
Let i(c) = -c**3 - 554*c**2 - 17101*c + 47929. What is i(-521)?
-3
Let h(m) = 12310*m - 12375. Calculate h(1).
-65
Let y(k) = 5*k**2 + 2379*k - 39336. Determine y(16).
8
Let w(h) = 12*h**2 - 7768*h + 69794. Calculate w(9).
854
Let x(t) = -t**2 - 1084*t + 12116. Determine x(11).
71
Let s(c) = -504*c + 1040. Determine s(4).
-976
Let f(j) = -3822*j**2 - 15288*j - 5. Give f(-4).
-5
Let a(j) = -j**3 - 770*j**2 + 149895*j - 643. Give a(161).
1
Let v(w) = -403*w - 29064. Calculate v(-70).
-854
Let l(d) = 5987*d - 5088943. Give l(850).
7
Let z(s) = 5374*s + 41934. Give z(-7).
4316
Let a(m) = -6*m**3 + 31*m**2 + 35*m - 200. What is a(5)?
0
Let b(i) = -3*i**2 - 274*i - 559. Give b(-89).
64
Let o(r) = r**3 + 487*r**2 - 515*r - 250809. Give o(-487).
-4
Let f(j) = -2*j**2 + 48*j + 4268. What is f(59)?
138
Let y(z) = -2*z**2 + 513*z - 13805. What is y(224)?
755
Let h(m) = -3*m**2 - 474*m + 242398. Calculate h(-374).
46
Let v(d) = -603*d + 135676. Determine v(225).
1
Let l(a) = -a**3 + 114*a**2 + 132*a - 1013. What is l(115)?
942
Let o(a) = -4*a**2 + 223*a - 2776. Determine o(23).
237
Let y(b) = 250*b + 4396. Give y(-19).
-354
Let h(x) = -15*x**2 + 163*x - 401. Give h(8).
-57
Let o(q) = -31488*q + 535294. Determine o(17).
-2
Let k(m) = -m**2 + 20*m + 994. Determine k(43).
5
Let w(n) = n**3 + 34*n**2 + 268*n + 6541. Determine w(-32).
13
Let b(k) = -3*k**2 + 5044*k - 1412557. Determine b(355).
-12
Let m(n) = -5068*n + 223030. Calculate m(44).
38
Let t(n) = 33*n**3 + 107*n**2 - 97*n + 11. Calculate t(-4).
-1
Let o(p) = -p**3 + 1308*p**2 - 2886*p + 357855. Calculate o(1306).
11
Let b(i) = -56376*i + 1973160. Determine b(35).
0
Let g(w) = -w**3 - 88*w**2 - 323*w - 28363. Give g(-88).
61
Let u(f) = -f**3 - 60*f**2 + 3927*f + 16607. Give u(-4).
3
Let h(t) = -t**3 - 2*t**2 - 5864*t + 5867. Calculate h(1).
0
Let o(z) = 3*z**2 + 213*z + 3866. Give o(-17).
1112
Let i(x) = 4*x**2 + 53*x + 192. Give i(-5).
27
Let b(i) = -10*i**2 - 1217*i - 21. Determine b(-121).
826
Let r(z) = z**3 - 92*z**2 - 629*z + 1944. Give r(98).
-2074
Let p(k) = 6*k**2 - 532*k - 18154. Calculate p(115).
16
Let x(c) = 11249*c - 78645. Give x(7).
98
Let p(m) = -131301*m - 656482. Give p(-5).
23
Let q(k) = -2*k**3 + k**2 + 1417*k + 9276. Determine q(-7).
92
Let b(g) = 4*g + 2345. Calculate b(-115).
1885
Let i(b) = -356*b + 123555. Give i(347).
23
Let v(y) = 128283*y - 1410942. What is v(11)?
171
Let c(v) = v**3 + 882*v**2 - 62558*v - 644. Calculate c(66).
16
Let g(z) = -87*z - 1656. Give g(0).
-1656
Let z(r) = -2*r**3 - 542*r**2 - 6223*r - 70. Give z(-12).
14
Let q(j) = 406*j + 90134. What is q(-222)?
2
Let w(o) = -o**2 - 223*o - 2648. Determine w(-12).
-116
Let s(v) = -v**3 + 77*v**2 + 17702*v + 294. Calculate s(-100).
94
Let b(z) = -34714*z + 347150. Give b(10).
10
Let n(i) = -18209*i + 400640. Calculate n(22).
42
Let a(l) = 34363*l - 206171. Determine a(6).
7
Let c(g) = -3*g**3 - 974*g**2 - 5432*g - 2869. Calculate c(-319).
2
Let i(l) = 5578*l + 27873. What is i(-5)?
-17
Let u(b) = -119*b**2 - 4057*b + 4. What is u(-34)?
378
Let s(i) = 1650*i - 92399. What is s(56)?
1
Let r(f) = -19256*f + 770240. Determine r(40).
0
Let y(g) = 138*g**2 + 14908*g + 391. Give y(-108).
-41
Let w(v) = 1267*v + 89913. Give w(-71).
-44
Let g(f) = 33555*f - 469869. Give g(14).
-99
Let l(j) = -j**3 + 70*j**2 - 442*j - 538. What is l(63)?
-601
Let n(u) = u**3 - 19*u**2 - 78*u + 1338. Calculate n(8).
10
Let d(v) = v**3 - 8*v**2 - 650*v - 485. Calculate d(30).
-185
Let v(t) = 1516400*t - 24262404. Determine v(16).
-4
Let q(w) = -3*w**2 - 1224*w + 11032. Determine q(9).
-227
Let l(k) = -10*k**2 - 138*k - 34. What is l(-6)?
434
Let z(h) = -2*h**2 - 3814*h - 1264180. Give z(-427).
-260
Let p(z) = z**3 + 36*z**2 - 236*z - 11044. What is p(-33)?
11
Let f(r) = -37*r**2 + 573*r + 38. Determine f(17).
-914
Let a(b) = -3322*b + 20065. Give a(6).
133
Let z(k) = 2749*k - 942958. What is z(343)?
-51
Let t(l) = l**3 - 160*l**2 - 127*l - 5046. Calculate t(161).
428
Let i(v) = -7*v**3 + 8*v**2 - 14*v - 63. Determine i(5).
-808
Let u(n) = -633*n - 152. What is u(-1)?
481
Let r(o) = -3*o**3 + 11*o**2 - 118*o + 974. Give r(6).
14
Let i(o) = 9*o**3 - 2*o**2 - 128*o - 332. Give i(-3).
-209
Let x(c) = -c**3 + 31*c**2 - 59*c + 688. Determine x(30).
-182
Let s(k) = k**3 - 107*k**2 - 304*k - 2850. Calculate s(110).
10
Let n(u) = u**3 + 12*u**2 - 289*u - 3. Give n(-15).
3657
Let v(c) = 923*c - 6181. What is v(7)?
280
Let k(d) = 40*d**2 - 53*d - 247. What is k(-4)?
605
Let q(s) = 358*s**2 - 645*s - 173. Give q(2).
-31
Let t(z) = 3*z**2 - 7320*z + 449264. Give t(63).
11
Let p(k) = 11*k**2 + 1203*k + 8573. Calculate p(-102).
311
Let v(r) = 9*r**2 - 13312*r + 66329. Give v(5).
-6
Let r(m) = 16*m**2 + 18348*m - 115302. Give r(-1153).
-2
Let k(v) = -3*v**2 - 45*v + 1314. Calculate k(-29).
96
Let j(i) = 123*i + 488. Calculate j(-4).
-4
Let w(d) = d**3 - 618*d**2 + 1207*d + 16280. Determine w(616).
880
Let h(r) = 62*r**3 - 13333*r**2 + 635*r + 2095. What is h(215)?
-55
Let g(y) = -y**3 + 13*y**2 - 29*y - 58. Calculate g(10).
-48
Let n(i) = 5331*i - 80904. What is n(15)?
-939
Let h(o) = -14*o**3 - 432*o**2 + 77*o + 220. Give h(-31).
-245
Let q(z) = 32*z**2 - 1459*z + 477. Give q(47).
2592
Let r(h) = -h**2 - 1154*h - 311634. What is r(-723)?
-21
Let r(x) = -2*x**3 + 42*x**2 + 2560*x + 108. Calculate r(48).
-1428
Let t(a) = -11253*a + 146307. Give t(13).
18
Let d(u) = -2*u**3 - 978*u**2 - 2924*u - 3893. Give d(-486).
-5
Let y(j) = 1521*j - 28832. What is y(19)?
67
Let l(w) = 20*w**3 - 16*w**2 - 40*w + 33. What is l(-5)?
-2667
Let r(j) = -27*j**2 + 402*j - 20. Determine r(12).
916
Let f(w) = w**3 - 324*w**2 + 3153*w + 105. Determine f(10).
235
Let f(y) = -22*y**2 - 21106*y - 42217. Determine f(-2).
-93
Let a(o) = 15*o**3 + 767*o**2 + 91*o - 551. Determine a(-51).
10
Let g(j) = -j**3 + 103*j**2 - 1228*j + 2095. Give g(12).
463
Let n(l) = -4016*l + 1080296. Calculate n(269).
-8
Let o(r) = r**3 - 1124*r**2 - 18*r + 7. What is o(0)?
7
Let d(n) = 8*n**3 - 27*n**2 + 29*n - 164. Calculate d(8).
2436
Let d(g) = g**2 + 525*g + 67265. Calculate d(-303).
-1
Let d(l) = -l**3 - 152*l**2 - 586*l + 28. Give d(-4).
4
Let r(j) = -12*j**2 + 406*j - 2898. Calculate r(39).
-5316
Let a(j) = j**2 - 76*j - 209222. Determine a(-421).
15
Let w(j) = -701*j - 25074. Give w(-34).
-1240
Let l(t) = -114*t - 13013. Give l(-114).
-17
Let n(h) = h**3 - 59*h**2 - 880*h + 49238. Determine n(60).
38
Let y(a) = -2514*a**2 - 32678*a + 44. Calculate y(-13).
-8
Let a(j) = -37*j**3 - 43*j**2 + 75*j - 33. Calculate a(1).
-38
Let a(y) = -2955*y - 995840. Determine a(-337).
-5
Let t(f) = -16369*f - 212802. What is t(-13)?
-5
Let c(x) = 3*x**3 - 68*x**2 + 255*x - 69. Calculate c(18).
-15
Let q(m) = -17*m**2 - 328*m + 74. Determine q(-18).
470
Let q(s) = -17*s**3 + 580*s**2 - 57*s - 337. Determine q(34).
37
Let l(f) = -2368*f - 19950. Calculate l(-8).
-1006
Let o(i) = 151*i**2 + 523*i + 453. What is o(-2)?
11
Let n(o) = -2*o**3 - 67*o**2 - 261*o - 16. Give n(-29).
-16
Let a(k) = -16312*k - 293565. What is a(-18)?
51
Let c(g) = g**3 - 4*g**2 - 147*g + 31. What is c(11)?
-739
Let o(j) = 6*j**2 - 455*j - 9324. Determine o(-20).
2176
Let g(n) = -12*n**2 + 320*n + 3045. What is g(34)?
53
Let n(h) = -20863*h - 521548. Determine n(-25).
27
Let o(v) = -91*v + 4085. What is o(22)?
2083
Let g(x) = 3*x**3 - 28*x**2 + 27*x - 150. Calculate g(9).
12
Let t(l) = 13688*l + 93354. Determine t(-7).
-2462
Let k(p) = -1328*p + 6579. What is k(5)?
-61
Let p(l) = 22251*l + 44483. Determine p(-2).
-19
Let f(q) = -352*q - 134502. What is f(-382)?
-38
Let g(q) = -106*q**2 - 1905*q + 70. Give g(-18).
16
Let l(v) = -v**3 - 4*v**2 - 15280*v - 45814. What is l(-3)?
17
Let s(q) = -2314991*q + 11574955. Give s(5).
0
Let w(c) = 2323*c + 6981. Calculate w(-3).
12
Let k(s) = 7*s**2 + 3106*s - 32306.